t is the greatest common factor of v and x?
12
Let i = 33 + 97. Let s be 4/(-44) + 41232/528. What is the highest common factor of i and s?
26
Let a be (29 - 114)/(3/9)*(-1)/3. Calculate the highest common factor of a and 408.
17
Suppose 218*i - 361*i = -14157. Let m = 14 - 5. Calculate the greatest common divisor of m and i.
9
Let z = 2294 + -1781. Calculate the highest common factor of z and 627.
57
Suppose h - 22 = 3*k, -4*h + 42 = -h - k. Calculate the greatest common divisor of 1014 and h.
13
Let c(g) = -37*g**3 + g - 1. Let d be c(1). Suppose 98 = 13*r - 15*r. Let y = d - r. What is the highest common factor of 3 and y?
3
Let q = -193451 + 193703. Suppose 2*t - 70 = -3*t. Calculate the greatest common factor of t and q.
14
Suppose o - 3*d + 7*d + 4 = 0, 2*d = -2*o + 10. Suppose 11*x - 243 = o*x. Calculate the highest common divisor of x and 3.
3
Let m(k) = k**3 + 3*k**2 - 3*k + 1. Let v be m(-3). Suppose 0 = l - t - 139, 5*l + 27*t = 29*t + 698. What is the greatest common factor of l and v?
10
Let b = -4823 - -4943. What is the highest common divisor of 174 and b?
6
Let r be (-2)/1 + (62 - 0). Let h be (78/(-15))/(5/(75/3)). Let b be (32 - 2)*h/(-65). What is the greatest common factor of b and r?
12
Let l(h) = h**3 + 31*h**2 + 82*h - 5. Let a be l(-15). Calculate the greatest common divisor of 33 and a.
11
Let d be 3 - 2*((-111085)/10)/13. What is the greatest common divisor of 32 and d?
16
Let q = -75 - -63. Let y be 128/(4/2) + q/(-6). Calculate the greatest common divisor of 594 and y.
66
Let h be (36 - 39)/((-9)/330). Calculate the greatest common factor of 154 and h.
22
Let d be 140/50 + (-1)/(-5). Suppose s - 3*u - 6 = -0, 0 = d*s + u + 2. Suppose -3*z + 72 = -s*z. Calculate the highest common factor of 144 and z.
24
Let b = -5877 - -6752. What is the greatest common factor of 5425 and b?
175
Let q(p) = 4*p**2 - 45*p + 7. Let i be q(11). Let u(d) = 2*d**2 + 5*d + 7. Let o be u(i). Let t = 20 - o. What is the greatest common divisor of t and 16?
1
Suppose 1509 = 9*o + 3*g, -20*o - 487 = -23*o + g. Let u(r) = 5*r**2 + 6*r + 4. Let z be u(-4). Calculate the greatest common factor of o and z.
15
Let c be (3*(-4)/(-6))/(13/52). Suppose 45 = -c*v + 157. Calculate the greatest common divisor of v and 6.
2
Let s(t) = -6*t**2 - 78*t + 50. Let z(f) = 7*f**2 + 78*f - 49. Let x(r) = 5*s(r) + 4*z(r). Let i be x(-36). What is the greatest common factor of i and 9?
9
Let m = 152 + -23. Let r = 155 - m. Calculate the highest common divisor of 2 and r.
2
Let n be (2/(-4))/(-7 + (-3241)/(-462)). Let r = 198 + n. Suppose -35 = -z - 5*c, 2*c = 2 + 6. Calculate the highest common factor of r and z.
15
Let f(j) = -j**3 + j + 1. Let n(z) = -5*z**3 - 4*z**2 - 5*z + 1. Let o(w) = -4*f(w) + n(w). Let i be o(-3). Calculate the highest common divisor of 6 and i.
3
Suppose -a + 3*c = -7671, -c + 236 = 231. Calculate the highest common factor of 122 and a.
122
Suppose 818 = 4*n + 2*x, 63*n + 1018 = 68*n + 3*x. What is the greatest common factor of 1349 and n?
19
Let u(d) = 5*d - 49. Let q be u(12). Suppose -x = -3, -10*x = i - 15*x + q. Calculate the greatest common divisor of i and 36.
4
Let a(r) be the third derivative of r**4/24 + 10*r**3/3 - 52*r**2. Let i be a(-10). What is the greatest common factor of i and 130?
10
Let g be 10 - 10 - (-3)/(1 - 0). Let q be 8 - g - 1 - 0/2. What is the highest common factor of q and 8?
4
Let r be 119 - (4/3)/(16/(-48)). Let a = -113 + r. Calculate the highest common factor of 6 and a.
2
Let q(r) = 5*r + 10. Let u be q(-2). Suppose -4*g + 4*b + 382 = -302, -2*g - 4*b + 324 = u. Calculate the greatest common divisor of 63 and g.
21
Let w(a) = 5*a + 7. Let r be w(1). Let f be (-3)/r + 116/16. What is the highest common factor of f and 63?
7
Let j = 99 + -92. Suppose -2*b + 0*b + 549 = -3*w, -2*b - 3*w + 567 = 0. Suppose -j*m + b + 596 = 0. Calculate the highest common divisor of 25 and m.
25
Suppose l + 2*l = 12. Let h be (-669)/(-9) + (20/(-30))/(2/(-5)). What is the greatest common factor of h and l?
4
Let a(t) = 2*t**2 + 13*t - 11. Let l be a(-8). Suppose -16*b + 96 = -l*b. Calculate the greatest common factor of 176 and b.
16
Let j be (48/(-2))/(-6) - (-14966 + 6 + -11). Calculate the greatest common factor of j and 25.
25
Let q(d) be the first derivative of -d**4/4 + 14*d**3/3 + 29*d**2 + 13*d - 88. Let v be q(17). What is the greatest common divisor of v and 33?
33
Let q = 723 - -771. What is the greatest common divisor of q and 54?
18
Suppose -11*b + 5*q + 145 = -6*b, -4*q - 12 = 0. Calculate the greatest common divisor of b and 4589.
13
Suppose 312*l - 20834 - 57790 = 0. Calculate the greatest common factor of l and 70.
14
Suppose -3*y + a + 68 - 1 = 0, 2*a = -4*y + 96. Let v(f) = -177*f - 49. Let k be v(-4). Let g = k - 636. What is the highest common factor of g and y?
23
Let r(a) = -2*a**3 - 34*a**2 - a - 11. Let g be r(-17). Let q = 38 - g. Suppose -313 = -5*b - 73. Calculate the greatest common factor of q and b.
16
Let q be (13 - -12)/25 - (-1)/((-2)/(-2238)). Calculate the greatest common divisor of 175 and q.
35
Let o be (-8)/((1/4)/((-8)/(-48)))*-48. Calculate the greatest common divisor of o and 944.
16
Let l(u) = -35*u**2 - 1822*u - 94. Let h be l(-52). Suppose -51 = -4*p + 77. Calculate the highest common factor of h and p.
2
Suppose 3*r = 3*k - 2*k - 15, r = 5*k - 145. Suppose -8*a = 186 + 3078. Let j = -198 - a. Calculate the highest common divisor of k and j.
30
Suppose 95 = y + 5*c, 87*y + 176 = 89*y - 4*c. Calculate the greatest common divisor of y and 3330.
90
Suppose -230*t - 1087013 + 1038250 = -2925603. What is the highest common divisor of t and 212?
212
Suppose 100 = x - h, -4*x = h - 6*h - 404. Let o(z) = -4 + 45*z + 48*z - x*z. Let c be o(-2). Calculate the greatest common divisor of 32 and c.
2
Let y = 24077 + -23642. Calculate the highest common factor of y and 20.
5
Let l(j) = j**3 - 15*j**2 + 29*j + 5. Let h be l(13). Let w be 5108/22 - 8/h. What is the highest common divisor of 8 and w?
8
Suppose 5*s - 429 + 159 = 0. Suppose -v = 2*a - 5*a - 84, -4*v - a = -284. What is the highest common divisor of v and s?
18
Suppose -19*o + 14*o + 175 = 0. Let z be 43/(7/o - 1/10). Calculate the highest common factor of z and 86.
86
Let h = 2 - -2. Suppose 18 = -4*w + h*m + 254, w - 59 = 3*m. Calculate the greatest common divisor of 236 and w.
59
Let x = 8908 - 7828. What is the greatest common divisor of x and 48?
24
Let d(q) = q - 2*q + 1 + 0 + 0. Let w be d(9). Let i be 4 + 4/(-8)*w. Calculate the greatest common divisor of i and 8.
8
Suppose 3008 = -19*s + 20711 + 14730. Calculate the greatest common factor of s and 3.
3
Let s = -5243 + 5473. Calculate the greatest common factor of s and 680.
10
Suppose 129*u - 2*s = 134*u - 86, -73 = -4*u - 3*s. Let p(k) = k + 1. Let w be p(-1). Suppose -160 = -4*z - w*z. What is the highest common factor of u and z?
8
Let r = 15654 + -11169. Calculate the highest common divisor of r and 26.
13
Suppose -1685*x = -1770*x + 5695. Calculate the highest common divisor of x and 51.
1
Suppose -43*f + 204 = -9*f. Let w(g) = g**3 - 4*g**2 + 8*g + 15. Let l be w(f). What is the highest common factor of 81 and l?
27
Suppose 0 = -17*i + 13*i - 2*x + 10148, -3*x - 5074 = -2*i. Calculate the highest common divisor of 86 and i.
43
Suppose 25*s - 147 = 153. Calculate the highest common factor of 3516 and s.
12
Let y(a) = 3*a**3 - 6*a**2 + 2*a + 15. Let h be y(3). Calculate the greatest common divisor of 2352 and h.
48
Suppose -15*m = 16*m - 25916. What is the greatest common divisor of 494 and m?
38
Let x(z) = -9 + 47*z - 4 + 5 - 40*z. Let c be x(16). What is the highest common divisor of c and 78?
26
Let c = -603 - -753. What is the highest common divisor of 1450 and c?
50
Let z(l) = -112*l + 2379. Let v be z(21). Calculate the greatest common divisor of 16 and v.
1
Let n = -56 - -59. Suppose -n*q = 2*p - 22, -4*p + 28 = -2*q + 4*q. Suppose q*y - 3*y - 24 = 0. Calculate the greatest common factor of y and 12.
12
Suppose -370 = -2*w + 4*f, -2*w - 3*f + 4 + 380 = 0. What is the highest common divisor of 351 and w?
27
Let u(r) = -11*r + 156. Let f be u(-6). Let a = 1496 - f. What is the greatest common divisor of a and 98?
98
Let n(t) = 20*t**2 + 21*t + 145. Let x be n(-13